{"id":169,"date":"2022-08-24T11:45:17","date_gmt":"2022-08-24T09:45:17","guid":{"rendered":"http:\/\/delademocratieenmetropoledelyon.fr\/?page_id=169"},"modified":"2022-08-24T11:45:17","modified_gmt":"2022-08-24T09:45:17","slug":"mentions-legales","status":"publish","type":"page","link":"http:\/\/delademocratieenmetropoledelyon.fr\/?page_id=169","title":{"rendered":"mentions l\u00e9gales"},"content":{"rendered":"\n<p><\/p>\n\n\n\n<p>Conform\u00e9ment aux dispositions des articles 6-III et 19 de la Loi n\u00b0 2004-575 du 21 juin 2004 pour la Confiance dans l\u2019\u00e9conomie num\u00e9rique, dite L.C.E.N., nous portons \u00e0 la connaissance des utilisateurs et visiteurs de ce site les informations suivantes :<\/p>\n\n\n\n<p>Forme juridique : association &#8211; Nom de l&#8217;association : De la d\u00e9mocratie en m\u00e9tropole de Lyon &#8211; Si\u00e8ge social : 15 rue de Bonnel, 69003 Lyon &#8211; T\u00e9l. : 06 22 34 59 06 &#8211; Email : contact@delademocratieenmetropoledelyon.fr &#8211; D\u00e9veloppement : Ce site a \u00e9t\u00e9 r\u00e9alis\u00e9 en interne &#8211; Directeur de publication :\u00a0<a rel=\"noreferrer noopener\" href=\"https:\/\/mail.google.com\/mail\/?view=cm&amp;fs=1&amp;tf=1&amp;to=pierre.obrecht@gmail.com\" target=\"_blank\">Pierre Obrecht<\/a> &#8211; Le Site est h\u00e9berg\u00e9 par : OVH<\/p>\n\n\n\n<p>Les informations fournies sur ce site le sont \u00e0 des fins purement informatives. Nous nous effor\u00e7ons d\u2019en contr\u00f4ler l\u2019exactitude, l\u2019exhaustivit\u00e9 et l\u2019actualisation. Cependant, nous ne sommes pas en mesure d\u2019en assurer la pleine garantie. Par cons\u00e9quent, \u00e0 l\u2019exception d\u2019une faute lourde ou intentionnelle, l\u2019association d\u00e9cline toute responsabilit\u00e9 pour tout dommage r\u00e9sultant notamment d\u2019une impr\u00e9cision ou d\u2019une inexactitude de ces informations ou pour toute atteinte li\u00e9e \u00e0 une intrusion frauduleuse d\u2019un tiers sur le site avec l\u2019intention de nuire aux int\u00e9r\u00eats ou \u00e0 l\u2019image de la l\u2019association, par exemple en d\u00e9naturant les informations r\u00e9pertori\u00e9es sur le site. La responsabilit\u00e9 de l\u2019association ne saurait \u00eatre retenue en cas de dommage ou si un virus endommage ou rend inutilisable votre \u00e9quipement informatique \u00e0 la suite de la visite du site malgr\u00e9 les mesures de s\u00e9curit\u00e9 mises en \u0153uvre.<\/p>\n\n\n\n<p>Afin de faciliter l\u2019acc\u00e8s \u00e0 d\u2019autres sites susceptibles d\u2019apporter un compl\u00e9ment d\u2019information, nous avons ins\u00e9r\u00e9 dans le site des liens hypertextes. N\u00e9anmoins, la responsabilit\u00e9 de l\u2019association ne saurait \u00eatre engag\u00e9e au titre d\u2019un site tiers pr\u00e9sentant des contenus litigieux ou inexacts auquel vous auriez eu acc\u00e8s via notre Site. L\u2019association ne dispose d\u2019aucun moyen de contr\u00f4le des contenus des sites tiers. Des sites tiers peuvent contenir des liens hypertextes dirigeant vers notre site. L\u2019association n\u2019a aucun moyen l\u00e9gal de s\u2019opposer \u00e0 cette pratique courante et ne saurait en aucun cas \u00eatre tenu pour responsable de contenus issus de sites externes \u00e0 la soci\u00e9t\u00e9.<\/p>\n\n\n\n<p>Toutes les images, marques, logos, et informations sous formes de textes ou d\u2019images pr\u00e9sents sur le site sont sous licence Creative Commons CC BY-NC-SA<\/p>\n","protected":false},"excerpt":{"rendered":"<p>Conform\u00e9ment aux dispositions des articles 6-III et 19 de la Loi n\u00b0 2004-575 du 21 juin 2004 pour la Confiance dans l\u2019\u00e9conomie num\u00e9rique, dite L.C.E.N., nous portons \u00e0 la connaissance des utilisateurs et visiteurs de ce site les informations suivantes : Forme juridique : association &#8211; Nom de l&#8217;association : De la d\u00e9mocratie en m\u00e9tropole &hellip; <\/p>\n<p class=\"link-more\"><a href=\"http:\/\/delademocratieenmetropoledelyon.fr\/?page_id=169\" class=\"more-link\">Continue reading<span class=\"screen-reader-text\"> &#8220;mentions l\u00e9gales&#8221;<\/span><\/a><\/p>\n","protected":false},"author":1,"featured_media":0,"parent":0,"menu_order":0,"comment_status":"closed","ping_status":"closed","template":"","meta":{"footnotes":""},"class_list":["post-169","page","type-page","status-publish","hentry"],"_links":{"self":[{"href":"http:\/\/delademocratieenmetropoledelyon.fr\/index.php?rest_route=\/wp\/v2\/pages\/169","targetHints":{"allow":["GET"]}}],"collection":[{"href":"http:\/\/delademocratieenmetropoledelyon.fr\/index.php?rest_route=\/wp\/v2\/pages"}],"about":[{"href":"http:\/\/delademocratieenmetropoledelyon.fr\/index.php?rest_route=\/wp\/v2\/types\/page"}],"author":[{"embeddable":true,"href":"http:\/\/delademocratieenmetropoledelyon.fr\/index.php?rest_route=\/wp\/v2\/users\/1"}],"replies":[{"embeddable":true,"href":"http:\/\/delademocratieenmetropoledelyon.fr\/index.php?rest_route=%2Fwp%2Fv2%2Fcomments&post=169"}],"version-history":[{"count":1,"href":"http:\/\/delademocratieenmetropoledelyon.fr\/index.php?rest_route=\/wp\/v2\/pages\/169\/revisions"}],"predecessor-version":[{"id":170,"href":"http:\/\/delademocratieenmetropoledelyon.fr\/index.php?rest_route=\/wp\/v2\/pages\/169\/revisions\/170"}],"wp:attachment":[{"href":"http:\/\/delademocratieenmetropoledelyon.fr\/index.php?rest_route=%2Fwp%2Fv2%2Fmedia&parent=169"}],"curies":[{"name":"wp","href":"https:\/\/api.w.org\/{rel}","templated":true}]}}

mentions légales

<p></p>



<p>Conformément aux dispositions des articles 6-III et 19 de la Loi n° 2004-575 du 21 juin 2004 pour la Confiance dans l’économie numérique, dite L.C.E.N., nous portons à la connaissance des utilisateurs et visiteurs de ce site les informations suivantes :</p>



<p>Forme juridique : association &#8211; Nom de l&#8217;association : De la démocratie en métropole de Lyon &#8211; Siège social : 15 rue de Bonnel, 69003 Lyon &#8211; Tél. : 06 22 34 59 06 &#8211; Email : contact@delademocratieenmetropoledelyon.fr &#8211; Développement : Ce site a été réalisé en interne &#8211; Directeur de publication : <a rel="noreferrer noopener" href="https://mail.google.com/mail/?view=cm&amp;fs=1&amp;tf=1&amp;to=pierre.obrecht@gmail.com" target="_blank">Pierre Obrecht</a> &#8211; Le Site est hébergé par : OVH</p>



<p>Les informations fournies sur ce site le sont à des fins purement informatives. Nous nous efforçons d’en contrôler l’exactitude, l’exhaustivité et l’actualisation. Cependant, nous ne sommes pas en mesure d’en assurer la pleine garantie. Par conséquent, à l’exception d’une faute lourde ou intentionnelle, l’association décline toute responsabilité pour tout dommage résultant notamment d’une imprécision ou d’une inexactitude de ces informations ou pour toute atteinte liée à une intrusion frauduleuse d’un tiers sur le site avec l’intention de nuire aux intérêts ou à l’image de la l’association, par exemple en dénaturant les informations répertoriées sur le site. La responsabilité de l’association ne saurait être retenue en cas de dommage ou si un virus endommage ou rend inutilisable votre équipement informatique à la suite de la visite du site malgré les mesures de sécurité mises en œuvre.</p>



<p>Afin de faciliter l’accès à d’autres sites susceptibles d’apporter un complément d’information, nous avons inséré dans le site des liens hypertextes. Néanmoins, la responsabilité de l’association ne saurait être engagée au titre d’un site tiers présentant des contenus litigieux ou inexacts auquel vous auriez eu accès via notre Site. L’association ne dispose d’aucun moyen de contrôle des contenus des sites tiers. Des sites tiers peuvent contenir des liens hypertextes dirigeant vers notre site. L’association n’a aucun moyen légal de s’opposer à cette pratique courante et ne saurait en aucun cas être tenu pour responsable de contenus issus de sites externes à la société.</p>



<p>Toutes les images, marques, logos, et informations sous formes de textes ou d’images présents sur le site sont sous licence Creative Commons CC BY-NC-SA</p>

<p>Conformément aux dispositions des articles 6-III et 19 de la Loi n° 2004-575 du 21 juin 2004 pour la Confiance dans l’économie numérique, dite L.C.E.N., nous portons à la connaissance des utilisateurs et visiteurs de ce site les informations suivantes : Forme juridique : association &#8211; Nom de l&#8217;association : De la démocratie en métropole &hellip; </p>
<p class="link-more"><a href="http://delademocratieenmetropoledelyon.fr/?page_id=169" class="more-link">Continue reading<span class="screen-reader-text"> &#8220;mentions légales&#8221;</span></a></p>
